r when 1992940 is divided by 2407?
2351
Calculate the remainder when 21331411 is divided by 7110459.
34
What is the remainder when 13803572 is divided by 287?
20
What is the remainder when 24980156 is divided by 4131?
4130
What is the remainder when 4329055 is divided by 282?
73
Calculate the remainder when 7766820 is divided by 189432.
108
What is the remainder when 14116174 is divided by 133?
86
Calculate the remainder when 2363005 is divided by 303.
211
What is the remainder when 186701 is divided by 186696?
5
What is the remainder when 513661 is divided by 96?
61
What is the remainder when 558409 is divided by 46531?
37
Calculate the remainder when 287654 is divided by 191.
8
Calculate the remainder when 33467422 is divided by 272.
270
Calculate the remainder when 1021150 is divided by 3634.
3630
What is the remainder when 382258 is divided by 123?
97
What is the remainder when 30289 is divided by 3362?
31
Calculate the remainder when 143559 is divided by 13048.
31
What is the remainder when 115759007 is divided by 443?
6
Calculate the remainder when 1214835 is divided by 86.
85
What is the remainder when 21284577 is divided by 238?
237
What is the remainder when 9215781 is divided by 6722?
6641
What is the remainder when 149492 is divided by 884?
96
What is the remainder when 195786 is divided by 13979?
80
Calculate the remainder when 1692638 is divided by 3648.
3614
What is the remainder when 100281 is divided by 16?
9
What is the remainder when 13549442 is divided by 1920?
2
What is the remainder when 213908 is divided by 926?
2
Calculate the remainder when 5969272 is divided by 239.
8
What is the remainder when 1307141 is divided by 202?
201
What is the remainder when 1453964 is divided by 134?
64
Calculate the remainder when 3538774 is divided by 11642.
11248
Calculate the remainder when 17374140 is divided by 8687042.
56
What is the remainder when 29470 is divided by 790?
240
What is the remainder when 42915 is divided by 1037?
398
Calculate the remainder when 174509 is divided by 8710.
309
Calculate the remainder when 155417 is divided by 91.
80
What is the remainder when 7647874 is divided by 305?
304
Calculate the remainder when 1934847 is divided by 501.
486
Calculate the remainder when 418731 is divided by 10736.
27
What is the remainder when 25334 is divided by 8090?
1064
What is the remainder when 1074187 is divided by 4118?
3507
Calculate the remainder when 131087 is divided by 252.
47
What is the remainder when 653414 is divided by 2561?
359
Calculate the remainder when 110941 is divided by 2520.
61
Calculate the remainder when 223815296 is divided by 3.
2
Calculate the remainder when 1654710 is divided by 14515.
0
What is the remainder when 19831150 is divided by 137?
126
Calculate the remainder when 284283 is divided by 310.
13
Calculate the remainder when 289009 is divided by 189.
28
Calculate the remainder when 26540793 is divided by 233.
229
Calculate the remainder when 49001 is divided by 1360.
41
What is the remainder when 6911166 is divided by 1503?
372
What is the remainder when 38749 is divided by 696?
469
What is the remainder when 347337 is divided by 371?
81
Calculate the remainder when 1635453 is divided by 408855.
33
What is the remainder when 4223423 is divided by 11?
6
What is the remainder when 7565052 is divided by 7565049?
3
Calculate the remainder when 1901431 is divided by 52.
51
Calculate the remainder when 15706 is divided by 129.
97
Calculate the remainder when 18262328 is divided by 17.
10
What is the remainder when 67980 is divided by 2949?
153
What is the remainder when 4086565 is divided by 255410?
5
Calculate the remainder when 301346 is divided by 65.
6
Calculate the remainder when 400967 is divided by 44551.
8
Calculate the remainder when 23444671 is divided by 5100.
5071
Calculate the remainder when 93767 is divided by 1302.
23
What is the remainder when 88731 is divided by 5407?
2219
Calculate the remainder when 554152 is divided by 277064.
24
Calculate the remainder when 1166077 is divided by 1150.
1127
What is the remainder when 2288895 is divided by 114444?
15
What is the remainder when 165861595 is divided by 50?
45
Calculate the remainder when 5200 is divided by 2566.
68
Calculate the remainder when 541997 is divided by 2517.
842
What is the remainder when 5002877 is divided by 106439?
244
Calculate the remainder when 331174 is divided by 303.
298
Calculate the remainder when 161351 is divided by 5159.
1422
What is the remainder when 1120384 is divided by 281?
37
What is the remainder when 18541668 is divided by 253995?
33
What is the remainder when 19365941 is divided by 63?
56
Calculate the remainder when 2859458 is divided by 5088.
2
Calculate the remainder when 379114 is divided by 34369.
1055
What is the remainder when 5591819 is divided by 1175?
1169
What is the remainder when 681840 is divided by 75680?
720
What is the remainder when 2924149 is divided by 108298?
103
Calculate the remainder when 402321 is divided by 80373.
456
What is the remainder when 16696091 is divided by 270?
101
What is the remainder when 2933903 is divided by 1466796?
311
What is the remainder when 49424166 is divided by 2483?
51
What is the remainder when 895665 is divided by 3703?
3242
Calculate the remainder when 23585431 is divided by 3471.
3457
Calculate the remainder when 3436972 is divided by 437.
404
What is the remainder when 108848 is divided by 332?
284
Calculate the remainder when 30275359 is divided by 65.
49
Calculate the remainder when 2079233 is divided by 120.
113
Calculate the remainder when 1495708 is divided by 687.
109
Calculate the remainder when 88582 is divided by 408.
46
Calculate the remainder when 4296674 is divided by 61.
17
What is the remainder when 4296792 is divided by 15?
12
Calculate the remainder when 139451379 is divided by 3759.
3756
Calculate the remainder when 3281986 is divided by 3281966.
20
What is the remainder when 54331393 is divided by 33?
28
Calculate the remainder when 144870 is divided by 7228.
310
What is the remainder when 26328 is divided by 8355?
1263
Calculate the remainder when 28056 is divided by 26597.
1459
What is the remainder when 119116812 is divided by 67680?
12
Calculate the remainder when 29241711 is divided by 1030.
11
What is the remainder when 173120 is divided by 68?
60
Calculate the remainder when 8361055 is divided by 147.
136
Calculate the remainder when 6611977 is divided by 550995.
37
What is the remainder when 24658114 is divided by 1072?
1042
What is the remainder when 32352577 is divided by 39?
10
What is the remainder when 4329673 is divided by 208?
153
What is the remainder when 7483741 is divided by 32119?
14
What is the remainder when 14931939 is divided by 785891?
10
What is the remainder when 25235641 is divided by 2442?
13
What is the remainder when 23222 is divided by 664?
646
Calculate the remainder when 392478 is divided by 11145.
2403
Calculate the remainder when 38092612 is divided by 27209.
12
Calculate the remainder when 144778 is divided by 11851.
2566
What is the remainder when 2094452 is divided by 195?
152
Calculate the remainder when 158896 is divided by 153.
82
Calculate the remainder when 10813252 is divided by 10318.
10306
What is the remainder when 237546 is divided by 163?
55
Calculate the remainder when 128435 is divided by 63516.
1403
Calculate the remainder when 131877993 is divided by 1754.
1749
Calculate the remainder when 274877 is divided by 2722.
2677
What is the remainder when 367243 is divided by 1189?
1031
What is the remainder when 2835241 is divided by 61?
22
What is the remainder when 63456715 is divided by 821?
804
Calculate the remainder when 892652 is divided by 6972.
236
Calculate the remainder when 656809 is divided by 7139.
21
What is the remainder when 42992335 is divided by 147234?
7
What is the remainder when 6281199 is divided by 328?
327
Calculate the remainder when 57279 is divided by 167.
165
Calculate the remainder when 81435262 is divided by 84.
34
Calculate the remainder when 4826089 is divided by 374.
367
What is the remainder when 132571 is divided by 18807?
922
What is the remainder when 10909102 is divided by 482?
478
What is the remainder when 544715 is divided by 73?
